 Determine j(12).
497
Let f(x) = 201904*x - 1009715. Calculate f(5).
-195
Let z(d) = -4782*d + 28633. What is z(6)?
-59
Let l(r) = -62*r**3 - 15315*r**2 - 250*r - 774. What is l(-247)?
-33
Let m(w) = -4*w**2 - 394*w + 30524. Determine m(51).
26
Let t(d) = 865*d - 157477. Calculate t(182).
-47
Let r(c) = -4*c**2 - 151*c - 2017. Calculate r(-19).
-592
Let u(k) = 42*k**2 + 3284*k + 642. Give u(-78).
18
Let s(h) = h**2 - 3706*h + 110181. Give s(30).
-99
Let n(u) = -1993582*u - 13955084. Give n(-7).
-10
Let w(r) = -30*r**2 - 86*r + 3. Determine w(-5).
-317
Let m(h) = -h**3 - 65*h**2 - 885*h + 47. Calculate m(-19).
256
Let l(b) = -25793*b - 644852. Give l(-25).
-27
Let r(l) = -28*l**2 - 2*l - 120. What is r(-6)?
-1116
Let c(p) = 2*p**2 + 393*p + 505. Calculate c(-194).
-465
Let y(g) = 134781*g + 4852108. Give y(-36).
-8
Let z(g) = 15*g**2 + 317*g + 355. Determine z(-20).
15
Let j(m) = -124*m + 5512. Calculate j(47).
-316
Let t(k) = -18*k**2 - 634*k + 555. Give t(-36).
51
Let m(a) = -595*a**2 - 61880*a - 22. Calculate m(-104).
-22
Let i(y) = -2634*y - 7797. Calculate i(-3).
105
Let t(j) = 2*j**3 - 23*j**2 - 26674*j + 319904. Calculate t(12).
-40
Let x(y) = 177317*y + 55677531. What is x(-314)?
-7
Let o(h) = h**2 - 431*h + 43466. Calculate o(161).
-4
Let u(v) = 517*v + 1508. Calculate u(-7).
-2111
Let b(a) = -471*a**3 - 907*a**2 + 71*a + 5. Give b(-2).
3
Let n(q) = 5*q**3 - 2780*q**2 - 2796*q - 14. What is n(-1)?
-3
Let n(q) = 41*q**3 - 409*q**2 - 47*q + 96. Give n(10).
-274
Let j(g) = -2*g**2 - 3144*g + 47609. Calculate j(15).
-1
Let f(m) = m**3 - 163*m**2 + 11*m + 1082. Calculate f(163).
2875
Let a(c) = -32*c**3 - 333*c**2 - 411*c - 5. Determine a(-9).
49
Let c(u) = -u**3 - 46*u**2 + 32*u + 144. What is c(-46)?
-1328
Let s(t) = 179*t - 98. Give s(-6).
-1172
Let k(y) = 44130*y + 308964. What is k(-7)?
54
Let w(n) = -5*n**3 - 42*n**2 - 78*n - 53. Give w(-6).
-17
Let o(j) = -1188*j + 640340. Give o(539).
8
Let y(r) = 9*r**2 + 160*r + 811. Determine y(-8).
107
Let q(c) = 29540*c - 915642. What is q(31)?
98
Let o(t) = 2*t**2 - 398*t + 5785. Give o(182).
-403
Let l(f) = 249*f**2 - 21913*f + 83. Calculate l(88).
-5
Let c(w) = -2462*w - 108250. Calculate c(-44).
78
Let d(w) = 765*w - 345. Calculate d(2).
1185
Let a(l) = -l**2 - 379*l - 16716. What is a(-51)?
12
Let r(g) = 1817*g - 147184. Calculate r(81).
-7
Let k(b) = 590*b + 14289. Determine k(-25).
-461
Let a(t) = 2*t**3 - 274*t**2 + 245*t + 3800. What is a(136)?
128
Let w(y) = -128418*y - 898897. What is w(-7)?
29
Let l(j) = j**3 - 37*j**2 - 174*j + 61. What is l(41)?
-349
Let t(w) = 3902*w - 292659. Determine t(75).
-9
Let x(h) = -54800*h - 1315203. Calculate x(-24).
-3
Let s(l) = -8*l**3 + 2569*l**2 - 324*l + 923. Determine s(321).
-40
Let i(q) = -q**2 - 696*q - 4126. What is i(-6)?
14
Let f(a) = -22707*a + 1158052. Give f(51).
-5
Let v(k) = 35*k**2 - 141*k - 427. Calculate v(6).
-13
Let r(x) = -2573*x - 388459. Give r(-151).
64
Let c(k) = -1476*k**2 + 65*k + 63. Calculate c(-1).
-1478
Let y(r) = 2712*r + 1579. Determine y(-1).
-1133
Let s(n) = -10301*n - 267831. What is s(-26)?
-5
Let d(b) = 2*b**3 - 70*b**2 - 558*b + 195. Determine d(-7).
-15
Let r(l) = l**3 + 40*l**2 + 303*l + 14244. Give r(-41).
140
Let g(b) = b**3 + 36*b**2 + 168*b + 90. What is g(-4)?
-70
Let f(l) = 355*l + 126226. What is f(-356)?
-154
Let t(n) = -n**2 + 425*n + 29099. What is t(-60)?
-1
Let m(x) = -127*x - 35564. What is m(-274)?
-766
Let n(g) = 41482*g + 26672934. What is n(-643)?
8
Let i(o) = -o**3 + 89*o**2 - 726*o + 1234. What is i(80)?
754
Let n(j) = -664*j - 4776. Determine n(-8).
536
Let i(u) = 2488*u**2 + 2468*u + 4. Calculate i(-1).
24
Let f(d) = 10*d**3 + 10*d**2 - 58*d - 293. Determine f(-5).
-1003
Let n(u) = 6*u**2 - 2632*u - 58923. Give n(460).
-43
Let v(n) = 3429*n - 76099. Give v(22).
-661
Let l(a) = -12853*a - 89882. Calculate l(-7).
89
Let p(m) = -2*m**3 + 8*m**2 + 74*m - 1452. Give p(-9).
-12
Let r(v) = 2*v**3 + 16*v**2 + 13*v + 11. Determine r(-2).
33
Let h(a) = -353*a - 380. Give h(-1).
-27
Let l(h) = -19*h**3 - 5*h**2 - 15*h + 25. Determine l(3).
-578
Let c(x) = -x**3 - 269*x**2 + 556*x + 3780. Calculate c(-271).
-14
Let n(k) = -k**2 - 1336*k + 185782. Give n(127).
-19
Let j(m) = 11128*m + 278051. Determine j(-25).
-149
Let g(q) = -482*q**3 - 5*q**2 + 99*q + 7. Calculate g(0).
7
Let w(f) = -3427*f + 29694. Give w(9).
-1149
Let x(i) = -65696*i + 131572. What is x(2)?
180
Let i(t) = -2*t**3 - 19*t**2 + 1058*t + 12016. What is i(-12)?
40
Let m(o) = -o**3 - 99*o**2 + 43*o + 14060. Give m(-98).
242
Let k(b) = 20781*b - 11367199. Give k(547).
8
Let g(f) = -f**3 - 272*f**2 + 276*f + 730. What is g(-273)?
-89
Let l(b) = 20022*b - 121589. Calculate l(6).
-1457
Let d(p) = -80*p**2 + 16*p + 2052. Calculate d(-5).
-28
Let f(c) = -2900*c - 1141. Calculate f(0).
-1141
Let p(q) = 4*q**3 + 6*q**2 - 686*q - 1360. Give p(-2).
4
Let l(y) = -5*y**2 + 160313*y - 641228. Calculate l(4).
-56
Let h(c) = -6*c**2 + 1048*c - 26024. What is h(30)?
16
Let t(l) = -2*l**2 - 1326121*l + 19892271. What is t(15)?
6
Let s(l) = 138*l + 26877. Calculate s(-198).
-447
Let t(r) = -54*r**2 - 1486*r + 222. What is t(-28)?
-506
Let n(m) = m**3 - 22*m**2 - 83*m + 631. Determine n(19).
-2029
Let d(j) = j**2 - 3068*j - 258304. Give d(-82).
-4
Let b(y) = 3*y**2 + 216*y + 1626. Determine b(-65).
261
Let o(h) = 3342*h - 207221. What is o(62)?
-17
Let u(g) = 114*g**2 - 10484*g - 326. Calculate u(92).
42
Let v(x) = 2*x**2 - 458*x - 60724. What is v(323)?
0
Let y(b) = -5478*b - 1665317. Calculate y(-304).
-5
Let r(u) = 3*u**3 - 355*u**2 - 194*u - 5509. Determine r(119).
-273
Let g(r) = -2416*r - 22430. Calculate g(-9).
-686
Let w(b) = -1322177*b - 10577414. Determine w(-8).
2
Let o(a) = 24*a**2 + 836*a + 700. Calculate o(-34).
20
Let k(y) = y**2 - 114*y - 5424. Determine k(-36).
-24
Let j(v) = v**3 + 16*v**2 - 1929*v - 25290. What is j(-46)?
-36
Let p(k) = -2830*k - 16967. Determine p(-6).
13
Let p(x) = -x**2 + 108*x - 2612. Give p(95).
-1377
Let j(b) = b**3 + 36*b**2 - 111*b - 1396. What is j(-38)?
-66
Let j(b) = -4*b**2 + 1021*b - 39952. Give j(207).
-1
Let s(x) = -11*x**3 + 2*x**2 - 90*x - 265. What is s(-3)?
320
Let g(r) = r**2 - 47172*r - 424623. Calculate g(-9).
6
Let j(t) = 942*t - 110985. Calculate j(118).
171
Let m(x) = 187579*x + 22134329. What is m(-118)?
7
Let p(h) = -198538*h - 5956137. Determine p(-30).
3
Let x(j) = 1046*j**2 + 23014*j + 3. Give x(-22).
-41
Let b(s) = s**3 - 89*s**2 - 463*s + 41224. Calculate b(89).
17
Let z(n) = 73120*n - 73111. What is z(1)?
9
Let j(y) = 154*y**2 - 2588*y - 7784. Give j(-3).
1366
Let n(h) = 29*h**3 + 5104*h**2 - 9*h - 1609. Give n(-176).
-25
Let p(f) = -207*f + 35201. Give p(168).
425
Let u(w) = w**3 - 13*w + 157. Give u(0).
157
Let x(y) = 21098*y + 822800. Determine x(-39).
-22
Let u(a) = -a**3 - 52*a**2 + 130*a + 1197. Calculate u(-54).
9
Let y(c) = -c**3 - 113*c**2 + 595*c + 9. What is y(0)?
9
Let b(v) = -328*v + 2338. What is b(7)?
42
Let z(n) = n**3 - 217*n**2 + 8029*n - 38. Calculate z(47).
1795
Let m(k) = 26*k**2 + 5798*k + 33861. Give m(-6).
9
Let x(d) = -2141026*d + 38538465. What is x(18)?
-3
Let y(w) = -2*w**3 + 978*w**2 - 1396*w + 204979. What is y(488)?
19
Let o(x) = 4*x**2 - 64834*x - 778567. What is o(-12)?
17
Let m(d) = 4*d**3 - 260*d**2 + 5430*d - 352944. What is m(65)?
6
Let c(i) = 217*i**2 + 7164*i + 24. What is c(-33)?
-75
Let m(h) = 17705*h - 300986. Give m(17).
-1
Let z(u) = -u**3 + 1492*u**2 + 83466*u + 27822. Determine z(1546).
-6
Let i(l) = l**3 - 20*l**2 + 45239*l - 632182. What is i(14)?
-12
Let g(k) = 14*k**2 + 948*k - 235. Determine g(-66).
-1819
Let u(p) = -209*p + 5897. Give u(14).
2971
Let z(u) = -u**3 + 194*u**2 + 1818*u + 1669. Give z(203).
-158
Let m(i) = -5*i**3 + 3*i**2 + 997*i - 5012. Determine m(5).
-577
Let o(u) = -352*u**2 + 211*u + 140. Calculate o(-1).
-423
Let n(x) = -8201*x - 319. What is n(0)?
-319
Let x(w) = 19567*w - 39137. Determine x(2).
-3
Let q(h) = 28*h**2 - 113*h - 404. What is q(-3)?
187
Let s(z) = -29*z**3 - 1632*z**2 - 451*z - 217. Give s(-56).
-49
Let t(g) = 2*g**3 + 191*g**2 + 318*g + 21382. Determine t(-95).
197
Let u(n) = 6925*n**2 - 609397*n - 217. Determine u(88).
47
Let g(k) = 7*k**3 + 100*k**2 + 50*k - 72. Calculate g(-13).
799
Let l(m) =